{"id":345,"date":"2023-06-13T20:44:26","date_gmt":"2023-06-13T18:44:26","guid":{"rendered":"http:\/\/www.steensens-bauernhof.de\/?page_id=345"},"modified":"2023-07-20T18:54:02","modified_gmt":"2023-07-20T16:54:02","slug":"ueber-uns","status":"publish","type":"page","link":"https:\/\/www.steensens-bauernhof.de\/index.php\/ueber-uns\/","title":{"rendered":"\u00dcber uns"},"content":{"rendered":"\t\t<div data-elementor-type=\"wp-page\" data-elementor-id=\"345\" class=\"elementor elementor-345\" data-elementor-settings=\"[]\">\n\t\t\t\t\t\t\t<div class=\"elementor-section-wrap\">\n\t\t\t\t\t\t\t<section class=\"elementor-section elementor-top-section elementor-element elementor-element-c5eb4b0 elementor-section-boxed elementor-section-height-default elementor-section-height-default\" data-id=\"c5eb4b0\" data-element_type=\"section\">\n\t\t\t\t\t\t<div class=\"elementor-container elementor-column-gap-default\">\n\t\t\t\t\t<div class=\"elementor-column elementor-col-50 elementor-top-column elementor-element elementor-element-283bbdea\" data-id=\"283bbdea\" data-element_type=\"column\">\n\t\t\t<div class=\"elementor-widget-wrap elementor-element-populated\">\n\t\t\t\t\t\t\t\t<div class=\"elementor-element elementor-element-2c4f6ff5 elementor-invisible elementor-widget elementor-widget-image\" data-id=\"2c4f6ff5\" data-element_type=\"widget\" data-settings=\"{&quot;_animation&quot;:&quot;fadeIn&quot;}\" data-widget_type=\"image.default\">\n\t\t\t\t<div class=\"elementor-widget-container\">\n\t\t\t<style>\/*! elementor - v3.5.5 - 03-02-2022 *\/\n.elementor-widget-image{text-align:center}.elementor-widget-image a{display:inline-block}.elementor-widget-image a img[src$=\".svg\"]{width:48px}.elementor-widget-image img{vertical-align:middle;display:inline-block}<\/style>\t\t\t\t\t\t\t\t\t\t\t\t<img loading=\"lazy\" decoding=\"async\" width=\"750\" height=\"563\" src=\"https:\/\/www.steensens-bauernhof.de\/wp-content\/uploads\/2023\/07\/Team.jpg\" class=\"attachment-large size-large\" alt=\"\" srcset=\"https:\/\/www.steensens-bauernhof.de\/wp-content\/uploads\/2023\/07\/Team.jpg 1024w, https:\/\/www.steensens-bauernhof.de\/wp-content\/uploads\/2023\/07\/Team-300x225.jpg 300w, https:\/\/www.steensens-bauernhof.de\/wp-content\/uploads\/2023\/07\/Team-768x576.jpg 768w\" sizes=\"auto, (max-width: 750px) 100vw, 750px\" style=\"width:100%;height:75%;max-width:1024px\" \/>\t\t\t\t\t\t\t\t\t\t\t\t\t\t\t<\/div>\n\t\t\t\t<\/div>\n\t\t\t\t\t<\/div>\n\t\t<\/div>\n\t\t\t\t<div class=\"elementor-column elementor-col-50 elementor-top-column elementor-element elementor-element-21376537 elementor-invisible\" data-id=\"21376537\" data-element_type=\"column\" data-settings=\"{&quot;animation&quot;:&quot;fadeIn&quot;,&quot;animation_delay&quot;:300}\">\n\t\t\t<div class=\"elementor-widget-wrap elementor-element-populated\">\n\t\t\t\t\t\t\t\t<div class=\"elementor-element elementor-element-67e60f elementor-widget elementor-widget-heading\" data-id=\"67e60f\" data-element_type=\"widget\" id=\"Tomatenanbau\" data-widget_type=\"heading.default\">\n\t\t\t\t<div class=\"elementor-widget-container\">\n\t\t\t<style>\/*! elementor - v3.5.5 - 03-02-2022 *\/\n.elementor-heading-title{padding:0;margin:0;line-height:1}.elementor-widget-heading .elementor-heading-title[class*=elementor-size-]>a{color:inherit;font-size:inherit;line-height:inherit}.elementor-widget-heading .elementor-heading-title.elementor-size-small{font-size:15px}.elementor-widget-heading .elementor-heading-title.elementor-size-medium{font-size:19px}.elementor-widget-heading .elementor-heading-title.elementor-size-large{font-size:29px}.elementor-widget-heading .elementor-heading-title.elementor-size-xl{font-size:39px}.elementor-widget-heading .elementor-heading-title.elementor-size-xxl{font-size:59px}<\/style><h2 class=\"elementor-heading-title elementor-size-default\">\u00dcber uns<\/h2>\t\t<\/div>\n\t\t\t\t<\/div>\n\t\t\t\t<div class=\"elementor-element elementor-element-57d303e7 elementor-widget elementor-widget-text-editor\" data-id=\"57d303e7\" data-element_type=\"widget\" data-widget_type=\"text-editor.default\">\n\t\t\t\t<div class=\"elementor-widget-container\">\n\t\t\t<style>\/*! elementor - v3.5.5 - 03-02-2022 *\/\n.elementor-widget-text-editor.elementor-drop-cap-view-stacked .elementor-drop-cap{background-color:#818a91;color:#fff}.elementor-widget-text-editor.elementor-drop-cap-view-framed .elementor-drop-cap{color:#818a91;border:3px solid;background-color:transparent}.elementor-widget-text-editor:not(.elementor-drop-cap-view-default) .elementor-drop-cap{margin-top:8px}.elementor-widget-text-editor:not(.elementor-drop-cap-view-default) .elementor-drop-cap-letter{width:1em;height:1em}.elementor-widget-text-editor .elementor-drop-cap{float:left;text-align:center;line-height:1;font-size:50px}.elementor-widget-text-editor .elementor-drop-cap-letter{display:inline-block}<\/style>\t\t\t\t<p>Seit dem 1. Juli 2022, nach 24 Jahren Pacht auf dem Betrieb in Cismarfelde, haben wir nun unseren neuen Betriebsstandort und unser neues Zuhause in Manhagenerfelde in Betrieb genommen und bezogen. Wir sind jetzt ein Ackerbaubetrieb mit Biogasanlage und Gem\u00fcsebaubetrieb mit Direktvermarktung von Tomaten und anderen Fr\u00fcchten.<br \/><br \/><br \/>Au\u00dferdem betreiben wir eine \u00d6lm\u00fchle, in der wir Raps\u00f6l und Lein\u00f6l aus eigener Saat und auch von anderen Landwirten der Region produzieren.<\/p><p><br \/><br \/><\/p><p>Unser Team besteht aus 6 festen Mitarbeitern und 3-4 Aushilfen, die uns in allen unseren Arbeitsbereichen unterst\u00fctzen.<\/p><p>Marvin B\u00fcnning ist f\u00fcr den Ackerbau verantwortlich und Horst Paustian unterst\u00fctzt ihn dabei.<br \/><br \/><br \/><\/p><p>\u00a0<\/p>\t\t\t\t\t\t<\/div>\n\t\t\t\t<\/div>\n\t\t\t\t\t<\/div>\n\t\t<\/div>\n\t\t\t\t\t\t\t<\/div>\n\t\t<\/section>\n\t\t\t\t<section class=\"elementor-section elementor-top-section elementor-element elementor-element-9a544fc elementor-section-boxed elementor-section-height-default elementor-section-height-default\" data-id=\"9a544fc\" data-element_type=\"section\">\n\t\t\t\t\t\t<div class=\"elementor-container elementor-column-gap-default\">\n\t\t\t\t\t<div class=\"elementor-column elementor-col-100 elementor-top-column elementor-element elementor-element-6ae02c2\" data-id=\"6ae02c2\" data-element_type=\"column\">\n\t\t\t<div class=\"elementor-widget-wrap elementor-element-populated\">\n\t\t\t\t\t\t\t\t<div class=\"elementor-element elementor-element-3466634 elementor-widget elementor-widget-text-editor\" data-id=\"3466634\" data-element_type=\"widget\" data-widget_type=\"text-editor.default\">\n\t\t\t\t<div class=\"elementor-widget-container\">\n\t\t\t\t\t\t\t<p>Sandra ist f\u00fcr die \u00d6labf\u00fcllung und die Gew\u00e4chshaus Kulturf\u00fchrung zust\u00e4ndig.<br \/>Wir ernten zusammen mit den Aushilfen unsere Fr\u00fcchte und sorgen daf\u00fcr, dass unsere<br \/>Kulturen lange Ertrag bringen.<br \/>Unsere Auszubildende der l\u00e4ndl. Hauswirtschaft, Svenja, ihr Arbeitsplatz ist unsere Hofk\u00fcche,<br \/>hier wird f\u00fcr die Mannschaft das Mittagessen gekocht.<br \/><br \/><br \/>Au\u00dferdem ist Svenja mit Marret zusammen f\u00fcr die Verarbeitung der Tomaten zu sch\u00f6nen<br \/>Produkten zust\u00e4ndig. Und wenn wir am Dienstag und Freitag unser Hofl\u00e4dchen ge\u00f6ffnet haben<br \/>verkauft Svenja euch gerne unsere Tomaten und anderen Produkte.<br \/><br \/><br \/>Alle Drei sind das ganze Jahr bei uns, denn nach der Ernte ist vor der Ernte.<br \/>Kaum das die Gew\u00e4chsh\u00e4user im Dezember ger\u00e4umt wurden, wird im Januar\/Februar schon wieder<br \/>mit der Aussaat der Paprika und Tomaten begonnen.<\/p>\t\t\t\t\t\t<\/div>\n\t\t\t\t<\/div>\n\t\t\t\t\t<\/div>\n\t\t<\/div>\n\t\t\t\t\t\t\t<\/div>\n\t\t<\/section>\n\t\t\t\t<section class=\"elementor-section elementor-top-section elementor-element elementor-element-3735d0ea elementor-section-boxed elementor-section-height-default elementor-section-height-default\" data-id=\"3735d0ea\" data-element_type=\"section\">\n\t\t\t\t\t\t<div class=\"elementor-container elementor-column-gap-default\">\n\t\t\t\t\t<div class=\"elementor-column elementor-col-100 elementor-top-column elementor-element elementor-element-7a9920b9\" data-id=\"7a9920b9\" data-element_type=\"column\">\n\t\t\t<div class=\"elementor-widget-wrap elementor-element-populated\">\n\t\t\t\t\t\t\t\t<div class=\"elementor-element elementor-element-3411dc83 elementor-widget-divider--view-line elementor-invisible elementor-widget elementor-widget-divider\" data-id=\"3411dc83\" data-element_type=\"widget\" data-settings=\"{&quot;_animation&quot;:&quot;fadeIn&quot;}\" data-widget_type=\"divider.default\">\n\t\t\t\t<div class=\"elementor-widget-container\">\n\t\t\t<style>\/*! elementor - v3.5.5 - 03-02-2022 *\/\n.elementor-widget-divider{--divider-border-style:none;--divider-border-width:1px;--divider-color:#2c2c2c;--divider-icon-size:20px;--divider-element-spacing:10px;--divider-pattern-height:24px;--divider-pattern-size:20px;--divider-pattern-url:none;--divider-pattern-repeat:repeat-x}.elementor-widget-divider .elementor-divider{display:-webkit-box;display:-ms-flexbox;display:flex}.elementor-widget-divider .elementor-divider__text{font-size:15px;line-height:1;max-width:95%}.elementor-widget-divider .elementor-divider__element{margin:0 var(--divider-element-spacing);-ms-flex-negative:0;flex-shrink:0}.elementor-widget-divider .elementor-icon{font-size:var(--divider-icon-size)}.elementor-widget-divider .elementor-divider-separator{display:-webkit-box;display:-ms-flexbox;display:flex;margin:0;direction:ltr}.elementor-widget-divider--view-line_icon .elementor-divider-separator,.elementor-widget-divider--view-line_text .elementor-divider-separator{-webkit-box-align:center;-ms-flex-align:center;align-items:center}.elementor-widget-divider--view-line_icon .elementor-divider-separator:after,.elementor-widget-divider--view-line_icon .elementor-divider-separator:before,.elementor-widget-divider--view-line_text .elementor-divider-separator:after,.elementor-widget-divider--view-line_text .elementor-divider-separator:before{display:block;content:\"\";border-bottom:0;-webkit-box-flex:1;-ms-flex-positive:1;flex-grow:1;border-top:var(--divider-border-width) var(--divider-border-style) var(--divider-color)}.elementor-widget-divider--element-align-left .elementor-divider .elementor-divider-separator>.elementor-divider__svg:first-of-type{-webkit-box-flex:0;-ms-flex-positive:0;flex-grow:0;-ms-flex-negative:100;flex-shrink:100}.elementor-widget-divider--element-align-left .elementor-divider-separator:before{content:none}.elementor-widget-divider--element-align-left .elementor-divider__element{margin-left:0}.elementor-widget-divider--element-align-right .elementor-divider .elementor-divider-separator>.elementor-divider__svg:last-of-type{-webkit-box-flex:0;-ms-flex-positive:0;flex-grow:0;-ms-flex-negative:100;flex-shrink:100}.elementor-widget-divider--element-align-right .elementor-divider-separator:after{content:none}.elementor-widget-divider--element-align-right .elementor-divider__element{margin-right:0}.elementor-widget-divider:not(.elementor-widget-divider--view-line_text):not(.elementor-widget-divider--view-line_icon) .elementor-divider-separator{border-top:var(--divider-border-width) var(--divider-border-style) var(--divider-color)}.elementor-widget-divider--separator-type-pattern{--divider-border-style:none}.elementor-widget-divider--separator-type-pattern.elementor-widget-divider--view-line .elementor-divider-separator,.elementor-widget-divider--separator-type-pattern:not(.elementor-widget-divider--view-line) .elementor-divider-separator:after,.elementor-widget-divider--separator-type-pattern:not(.elementor-widget-divider--view-line) .elementor-divider-separator:before,.elementor-widget-divider--separator-type-pattern:not([class*=elementor-widget-divider--view]) .elementor-divider-separator{width:100%;min-height:var(--divider-pattern-height);-webkit-mask-size:var(--divider-pattern-size) 100%;mask-size:var(--divider-pattern-size) 100%;-webkit-mask-repeat:var(--divider-pattern-repeat);mask-repeat:var(--divider-pattern-repeat);background-color:var(--divider-color);-webkit-mask-image:var(--divider-pattern-url);mask-image:var(--divider-pattern-url)}.elementor-widget-divider--no-spacing{--divider-pattern-size:auto}.elementor-widget-divider--bg-round{--divider-pattern-repeat:round}.rtl .elementor-widget-divider .elementor-divider__text{direction:rtl}<\/style>\t\t<div class=\"elementor-divider\">\n\t\t\t<span class=\"elementor-divider-separator\">\n\t\t\t\t\t\t<\/span>\n\t\t<\/div>\n\t\t\t\t<\/div>\n\t\t\t\t<\/div>\n\t\t\t\t\t<\/div>\n\t\t<\/div>\n\t\t\t\t\t\t\t<\/div>\n\t\t<\/section>\n\t\t\t\t<section class=\"elementor-section elementor-top-section elementor-element elementor-element-28a04cad elementor-section-boxed elementor-section-height-default elementor-section-height-default\" data-id=\"28a04cad\" data-element_type=\"section\">\n\t\t\t\t\t\t<div class=\"elementor-container elementor-column-gap-default\">\n\t\t\t\t\t<div class=\"elementor-column elementor-col-50 elementor-top-column elementor-element elementor-element-9ffc05b elementor-invisible\" data-id=\"9ffc05b\" data-element_type=\"column\" data-settings=\"{&quot;animation&quot;:&quot;fadeIn&quot;,&quot;animation_delay&quot;:300}\">\n\t\t\t<div class=\"elementor-widget-wrap elementor-element-populated\">\n\t\t\t\t\t\t\t\t<div class=\"elementor-element elementor-element-31928618 elementor-widget elementor-widget-heading\" data-id=\"31928618\" data-element_type=\"widget\" id=\"Tomatenprodukte\" data-widget_type=\"heading.default\">\n\t\t\t\t<div class=\"elementor-widget-container\">\n\t\t\t<h2 class=\"elementor-heading-title elementor-size-default\">Landkunstst\u00fcck<\/h2>\t\t<\/div>\n\t\t\t\t<\/div>\n\t\t\t\t<div class=\"elementor-element elementor-element-76e0d996 elementor-widget elementor-widget-text-editor\" data-id=\"76e0d996\" data-element_type=\"widget\" data-widget_type=\"text-editor.default\">\n\t\t\t\t<div class=\"elementor-widget-container\">\n\t\t\t\t\t\t\tDer Verein Landkunstst\u00fcck e.V. will durch Skulpturen und andere Installationen\nAuf landwirtschaftlichen Nutzfl\u00e4chen die Besucher und Landwirte miteinander\nIns Gespr\u00e4ch bringen.\nBei uns steht seit letztem Jahr das Landkunstst\u00fcck \u201eBalance\u201c von Arne Prohn.\nEr hat dieses Kunstwerk erschaffen nachdem er uns und unsere betriebliche\nEntwicklung kennengelernt hat.\n<br><br>\nBalance ist eines von inzwischen 14 Landkunstst\u00fccken, die \u00fcber eine Radroute\nverbunden erlebbar sind.\n<br><br>\nLink zu <a href=\"https:\/\/www.groemitz.de\/landkunststueck\" target=\"_blank\" rel=\"noopener\"><b>Landkunstst\u00fcck<\/b><\/a>\t\t\t\t\t\t<\/div>\n\t\t\t\t<\/div>\n\t\t\t\t\t<\/div>\n\t\t<\/div>\n\t\t\t\t<div class=\"elementor-column elementor-col-50 elementor-top-column elementor-element elementor-element-3fe63d17\" data-id=\"3fe63d17\" data-element_type=\"column\">\n\t\t\t<div class=\"elementor-widget-wrap elementor-element-populated\">\n\t\t\t\t\t\t\t\t<div class=\"elementor-element elementor-element-86a9d85 elementor-widget elementor-widget-image\" data-id=\"86a9d85\" data-element_type=\"widget\" data-widget_type=\"image.default\">\n\t\t\t\t<div class=\"elementor-widget-container\">\n\t\t\t\t\t\t\t\t\t\t\t\t\t\t\t<img loading=\"lazy\" decoding=\"async\" width=\"750\" height=\"1000\" src=\"https:\/\/www.steensens-bauernhof.de\/wp-content\/uploads\/2023\/07\/ea1ba858-9c03-4bb0-8545-a2ac93bc7fb1.jpg\" class=\"attachment-large size-large\" alt=\"\" srcset=\"https:\/\/www.steensens-bauernhof.de\/wp-content\/uploads\/2023\/07\/ea1ba858-9c03-4bb0-8545-a2ac93bc7fb1.jpg 768w, https:\/\/www.steensens-bauernhof.de\/wp-content\/uploads\/2023\/07\/ea1ba858-9c03-4bb0-8545-a2ac93bc7fb1-225x300.jpg 225w\" sizes=\"auto, (max-width: 750px) 100vw, 750px\" style=\"width:100%;height:133.33%;max-width:768px\" \/>\t\t\t\t\t\t\t\t\t\t\t\t\t\t\t<\/div>\n\t\t\t\t<\/div>\n\t\t\t\t\t<\/div>\n\t\t<\/div>\n\t\t\t\t\t\t\t<\/div>\n\t\t<\/section>\n\t\t\t\t\t\t<\/div>\n\t\t\t\t\t<\/div>\n\t\t","protected":false},"excerpt":{"rendered":"<p>\u00dcber uns Seit dem 1. Juli 2022, nach 24 Jahren Pacht auf dem Betrieb in Cismarfelde, haben wir nun unseren neuen Betriebsstandort und unser neues Zuhause in Manhagenerfelde in Betrieb genommen und bezogen. Wir sind jetzt ein Ackerbaubetrieb mit Biogasanlage und Gem\u00fcsebaubetrieb mit Direktvermarktung von Tomaten und anderen Fr\u00fcchten. Au\u00dferdem betreiben wir eine \u00d6lm\u00fchle, in&hellip; <a class=\"more-link\" href=\"https:\/\/www.steensens-bauernhof.de\/index.php\/ueber-uns\/\">Continue reading <span class=\"screen-reader-text\">\u00dcber uns<\/span><\/a><\/p>\n","protected":false},"author":1,"featured_media":0,"parent":0,"menu_order":0,"comment_status":"closed","ping_status":"closed","template":"elementor_header_footer","meta":{"inline_featured_image":false,"footnotes":""},"class_list":["post-345","page","type-page","status-publish","hentry","entry"],"_links":{"self":[{"href":"https:\/\/www.steensens-bauernhof.de\/index.php\/wp-json\/wp\/v2\/pages\/345","targetHints":{"allow":["GET"]}}],"collection":[{"href":"https:\/\/www.steensens-bauernhof.de\/index.php\/wp-json\/wp\/v2\/pages"}],"about":[{"href":"https:\/\/www.steensens-bauernhof.de\/index.php\/wp-json\/wp\/v2\/types\/page"}],"author":[{"embeddable":true,"href":"https:\/\/www.steensens-bauernhof.de\/index.php\/wp-json\/wp\/v2\/users\/1"}],"replies":[{"embeddable":true,"href":"https:\/\/www.steensens-bauernhof.de\/index.php\/wp-json\/wp\/v2\/comments?post=345"}],"version-history":[{"count":31,"href":"https:\/\/www.steensens-bauernhof.de\/index.php\/wp-json\/wp\/v2\/pages\/345\/revisions"}],"predecessor-version":[{"id":729,"href":"https:\/\/www.steensens-bauernhof.de\/index.php\/wp-json\/wp\/v2\/pages\/345\/revisions\/729"}],"wp:attachment":[{"href":"https:\/\/www.steensens-bauernhof.de\/index.php\/wp-json\/wp\/v2\/media?parent=345"}],"curies":[{"name":"wp","href":"https:\/\/api.w.org\/{rel}","templated":true}]}}